 159519742 is divided by 3648?
3646
What is the remainder when 415234 is divided by 5767?
10
What is the remainder when 3429746 is divided by 927?
773
What is the remainder when 8544985 is divided by 14?
1
What is the remainder when 152325 is divided by 419?
228
What is the remainder when 946568 is divided by 57?
26
Calculate the remainder when 7267588 is divided by 2422528.
4
Calculate the remainder when 764022 is divided by 27285.
42
Calculate the remainder when 1276129 is divided by 159510.
49
Calculate the remainder when 618764 is divided by 618742.
22
Calculate the remainder when 67418 is divided by 2807.
50
What is the remainder when 579862 is divided by 144?
118
What is the remainder when 252606002 is divided by 3000?
2
What is the remainder when 51005 is divided by 49558?
1447
Calculate the remainder when 80552813 is divided by 8950311.
14
What is the remainder when 807246 is divided by 7837?
35
What is the remainder when 2756651 is divided by 202?
159
Calculate the remainder when 72531410 is divided by 345.
335
What is the remainder when 240920617 is divided by 661?
659
What is the remainder when 196763 is divided by 472?
411
What is the remainder when 39352281 is divided by 724?
709
What is the remainder when 208091 is divided by 8417?
6083
Calculate the remainder when 13973861 is divided by 2516.
2513
What is the remainder when 659702 is divided by 44?
10
Calculate the remainder when 6189102 is divided by 3094536.
30
Calculate the remainder when 1732867 is divided by 298.
295
Calculate the remainder when 28394 is divided by 6463.
2542
Calculate the remainder when 3634383 is divided by 6768.
6735
Calculate the remainder when 49846 is divided by 16550.
196
Calculate the remainder when 5117611 is divided by 1705666.
613
What is the remainder when 283614868 is divided by 42?
40
Calculate the remainder when 125947692 is divided by 14.
10
What is the remainder when 109872 is divided by 36549?
225
Calculate the remainder when 672063 is divided by 70.
63
What is the remainder when 5781443 is divided by 66453?
32
What is the remainder when 422625 is divided by 102?
39
Calculate the remainder when 4361056 is divided by 1089943.
1284
Calculate the remainder when 2949929 is divided by 146.
145
What is the remainder when 2100804 is divided by 140053?
9
Calculate the remainder when 886555 is divided by 11653.
927
Calculate the remainder when 538867 is divided by 520.
147
What is the remainder when 5547096 is divided by 209?
27
Calculate the remainder when 7236467 is divided by 73.
50
Calculate the remainder when 305939 is divided by 152507.
925
Calculate the remainder when 1057496 is divided by 352459.
119
What is the remainder when 518391 is divided by 206?
95
What is the remainder when 43132 is divided by 65?
37
Calculate the remainder when 8079802 is divided by 6.
4
Calculate the remainder when 232079 is divided by 7023.
320
Calculate the remainder when 317643 is divided by 15789.
1863
What is the remainder when 244142 is divided by 63?
17
What is the remainder when 770057 is divided by 32039?
1121
Calculate the remainder when 391886 is divided by 5763.
2
Calculate the remainder when 70479 is divided by 2203.
2186
What is the remainder when 961049 is divided by 320321?
86
What is the remainder when 4120114 is divided by 4469?
4165
What is the remainder when 122383 is divided by 452?
343
What is the remainder when 1830213 is divided by 96327?
0
What is the remainder when 3427229 is divided by 2322?
2279
Calculate the remainder when 1178001 is divided by 1659.
111
What is the remainder when 213696790 is divided by 303116?
10
Calculate the remainder when 2121887 is divided by 24389.
44
What is the remainder when 352966 is divided by 1405?
311
Calculate the remainder when 445973 is divided by 6.
5
Calculate the remainder when 133684 is divided by 642.
148
What is the remainder when 129121 is divided by 128831?
290
What is the remainder when 124867 is divided by 306?
19
Calculate the remainder when 3971869 is divided by 1739.
1732
Calculate the remainder when 453748146 is divided by 4559.
4553
Calculate the remainder when 131432466 is divided by 4457.
4450
What is the remainder when 904663 is divided by 226125?
163
What is the remainder when 2022547 is divided by 13133?
65
Calculate the remainder when 74280 is divided by 36888.
504
Calculate the remainder when 64932 is divided by 856.
732
Calculate the remainder when 1012993 is divided by 500.
493
Calculate the remainder when 1030048 is divided by 4.
0
Calculate the remainder when 16104102 is divided by 2173.
2172
Calculate the remainder when 4189956 is divided by 5557.
5535
Calculate the remainder when 120816 is divided by 4819.
341
Calculate the remainder when 3781618 is divided by 424.
386
Calculate the remainder when 30940256 is divided by 102113.
17
What is the remainder when 3887387 is divided by 149514?
23
Calculate the remainder when 96394073 is divided by 98.
97
What is the remainder when 954291 is divided by 342?
111
Calculate the remainder when 27335 is divided by 487.
63
What is the remainder when 733877 is divided by 1101?
611
Calculate the remainder when 2110374 is divided by 40584.
6
What is the remainder when 707400562 is divided by 1052?
1046
Calculate the remainder when 44354 is divided by 720.
434
Calculate the remainder when 2436297 is divided by 67673.
69
Calculate the remainder when 24225 is divided by 2163.
432
What is the remainder when 71387 is divided by 151?
115
What is the remainder when 13601116 is divided by 850067?
44
Calculate the remainder when 22257974 is divided by 1352.
1350
What is the remainder when 33907422 is divided by 124?
118
Calculate the remainder when 323821 is divided by 466.
417
What is the remainder when 333132 is divided by 235?
137
Calculate the remainder when 12674299 is divided by 1194.
1183
What is the remainder when 7394221 is divided by 1364?
1341
What is the remainder when 294892481 is divided by 2165?
2161
What is the remainder when 83385 is divided by 3474?
9
Calculate the remainder when 3497353 is divided by 337.
304
What is the remainder when 361766 is divided by 3092?
2
Calculate the remainder when 21627382 is divided by 37744.
70
Calculate the remainder when 639680 is divided by 213163.
191
What is the remainder when 3207210 is divided by 534515?
120
What is the remainder when 76815517 is divided by 38?
37
What is the remainder when 1322784 is divided by 132172?
1064
What is the remainder when 487030 is divided by 5073?
22
What is the remainder when 611886 is divided by 38223?
318
Calculate the remainder when 13767565 is divided by 8488.
29
What is the remainder when 293990 is divided by 12249?
14
Calculate the remainder when 17440897 is divided by 968938.
13
What is the remainder when 5963357 is divided by 2981378?
601
Calculate the remainder when 44269459 is divided by 157.
12
Calculate the remainder when 62306687 is divided by 83.
81
What is the remainder when 285777564 is divided by 3879?
3876
Calculate the remainder when 2296807 is divided by 1148399.
9
What is the remainder when 241591 is divided by 566?
475
Calculate the remainder when 679406 is divided by 42458.
78
What is the remainder when 5454035 is divided by 21?
20
Calculate the remainder when 577551 is divided by 63765.
3666
Calculate the remainder when 11756567 is divided by 51.
47
Calculate the remainder when 60553321 is divided by 565.
11
Calculate the remainder when 119155 is divided by 125.
30
Calculate the remainder when 12851000 is divided by 798.
8
What is the remainder when 92420 is divided by 5912?
3740
Calculate the remainder when 1089060 is divided by 272059.
824
Calculate the remainder when 4240738 is divided by 682.
62
Calculate the remainder when 149487519 is divided by 32.
31
Calculate the remainder when 4945159 is divided by 149.
147
Calculate the remainder when 338927 is divided by 5135.
17
Calculate the remainder when 41326277 is divided by 123.
122
What is the remainder when 39536 is divided by 419?
150
Calculate the remainder when 5100645 is divided by 626.
623
What is the remainder when 19304 is divided by 525?
404
What is the remainder when 296095 is divided by 49308?
247
What is the remainder when 1462203 is divided by 365549?
7
What is the rem